7848 a multiple of 131?
False
Is 416275272 a multiple of 5112?
True
Is 4683780 a multiple of 4?
True
Is 48217202 a multiple of 4120?
False
Is 31959915 a multiple of 403?
True
Is 56714125 a multiple of 13?
True
Is 5487 a factor of 1198964370?
True
Is 1980257661 a multiple of 6285?
False
Is 17 a factor of 445983942?
False
Does 789 divide 44311818?
True
Is 49572567 a multiple of 27?
True
Is 58 a factor of 637345876?
True
Does 7 divide 231551131?
True
Does 26 divide 54683013?
False
Is 77 a factor of 3963729?
True
Does 34 divide 746948380?
True
Does 29 divide 501659823?
False
Does 171 divide 251095203?
True
Does 10 divide 2578682?
False
Is 478811929 a multiple of 267?
False
Is 8172411 a multiple of 416?
False
Is 426394272 a multiple of 68?
True
Is 4370798127 a multiple of 12059?
False
Is 42 a factor of 286786584?
True
Does 41 divide 169904369?
True
Is 5 a factor of 709355912?
False
Does 15 divide 290275335?
True
Does 5 divide 74047340?
True
Is 4 a factor of 873255684?
True
Does 1298 divide 924552944?
False
Is 14316316 a multiple of 3691?
False
Does 807 divide 102330664?
False
Is 87169038 a multiple of 2978?
True
Is 951 a factor of 41472822?
False
Is 8126407996 a multiple of 1106?
True
Does 236 divide 479780684?
True
Does 9 divide 2014173?
True
Is 15 a factor of 14499075?
True
Is 9 a factor of 591840?
True
Does 722 divide 1121686204?
True
Does 884 divide 604271495?
False
Does 93 divide 543420148?
False
Is 7927 a factor of 1032162312?
False
Does 38 divide 24816432?
True
Does 14 divide 56149408?
True
Does 11 divide 3283181395?
False
Is 579 a factor of 3115723922?
False
Is 10340360 a multiple of 538?
True
Is 236 a factor of 78128036?
True
Does 752 divide 61924944?
True
Is 759277180 a multiple of 518?
False
Does 716 divide 822838741?
False
Is 2826 a factor of 35068422?
False
Does 3749 divide 102463919?
True
Does 7 divide 19491815?
True
Is 392405097 a multiple of 2809?
False
Is 65142880 a multiple of 110?
True
Is 312 a factor of 59331175?
False
Is 2569 a factor of 4311798?
False
Is 36722910 a multiple of 42?
True
Is 76 a factor of 54487592?
True
Is 3375728 a multiple of 3149?
True
Is 865 a factor of 158865035?
True
Does 113 divide 36168475?
True
Does 2 divide 180478602?
True
Is 502621056 a multiple of 16?
True
Does 45 divide 10554885?
True
Is 396 a factor of 192528346?
False
Is 1013449801 a multiple of 227?
False
Is 3652 a factor of 210697284?
False
Is 36652050 a multiple of 50?
True
Does 58 divide 114335748?
True
Is 226089062 a multiple of 334?
False
Is 109507065 a multiple of 15?
True
Is 129948216 a multiple of 12?
True
Does 317 divide 140959573?
False
Is 29 a factor of 251243458?
False
Does 1519 divide 2036729884?
True
Is 4200 a factor of 320965508?
False
Is 42253562 a multiple of 9?
False
Is 38 a factor of 1524017170?
True
Is 1602765381 a multiple of 10?
False
Does 4 divide 1139838922?
False
Does 13 divide 3705151?
False
Is 96875908 a multiple of 1748?
True
Is 7 a factor of 16332974?
True
Does 2998 divide 178548888?
True
Is 88936912 a multiple of 16?
True
Is 284550418 a multiple of 73?
False
Does 299 divide 1077292642?
False
Is 471973632 a multiple of 3459?
True
Is 1421015452 a multiple of 475?
False
Does 3045 divide 921536387?
False
Is 1219 a factor of 27232994?
False
Is 23810582 a multiple of 1523?
True
Does 8 divide 78605544?
True
Is 203679872 a multiple of 88?
True
Is 218689143 a multiple of 358?
False
Is 140 a factor of 314083700?
True
Is 6 a factor of 7321572?
True
Is 2487525806 a multiple of 22?
False
Does 44 divide 2258147628?
True
Is 653 a factor of 4025092?
True
Is 857493619 a multiple of 13?
False
Is 125 a factor of 109625812?
False
Is 8554626 a multiple of 18?
True
Is 108 a factor of 123152129?
False
Does 626 divide 22207880?
False
Is 328 a factor of 8245920?
True
Is 15590295 a multiple of 387?
True
Is 58129538 a multiple of 1234?
False
Does 576 divide 58439310?
False
Is 415349019 a multiple of 9?
True
Is 142 a factor of 5997192500?
True
Is 92 a factor of 493454760?
False
Is 1001077983 a multiple of 135?
False
Does 66 divide 1047081?
False
Is 8 a factor of 27271448?
True
Is 66130050 a multiple of 525?
True
Is 30256194 a multiple of 329?
False
Is 2620 a factor of 395271212?
False
Is 270335692 a multiple of 1049?
True
Is 106 a factor of 2618909708?
False
Does 2403 divide 2342363252?
False
Does 294 divide 21359078?
False
Is 238 a factor of 12819156?
True
Is 2544729861 a multiple of 543?
True
Is 195285077 a multiple of 12?
False
Does 47 divide 38783319?
True
Does 1506 divide 73932552?
True
Is 1396 a factor of 800734425?
False
Does 348 divide 31421616?
True
Is 4876 a factor of 592355984?
True
Does 514 divide 228428796?
True
Is 42 a factor of 520591804?
False
Is 1311237651 a multiple of 20?
False
Is 4 a factor of 1805144?
True
Is 355 a factor of 613890519?
False
Is 65310088 a multiple of 4?
True
Is 325668875 a multiple of 125?
True
Is 643495568 a multiple of 1107?
False
Is 1050 a factor of 506368258?
False
Is 3497898108 a multiple of 164?
True
Does 206 divide 69229697?
False
Is 11560806 a multiple of 27?
True
Is 1250 a factor of 582808750?
True
Is 1831 a factor of 11171457?
False
Does 7 divide 1725353?
True
Is 708725116 a multiple of 1166?
True
Does 225 divide 19251900?
True
Is 9896769 a multiple of 24?
False
Is 34 a factor of 2908190578?
True
Is 48 a factor of 2160586848?
True
Is 370387404 a multiple of 138?
False
Does 940 divide 1591311410?
False
Does 45 divide 13018815?
True
Is 33590174 a multiple of 62?
True
Is 156998037 a multiple of 25?
False
Is 6 a factor of 32047134?
True
Is 4 a factor of 13739093?
False
Does 4674 divide 242903106?
True
Is 1037 a factor of 181052898?
False
Does 27 divide 15688919?
False
Is 40982476 a multiple of 4?
True
Is 5 a factor of 119262235?
True
Is 6 a factor of 102205782?
True
Is 750902400 a multiple of 90?
True
Is 21 a factor of 338553045?
False
Is 435 a factor of 36479535?
True
Is 113673657 a multiple of 46?
False
Is 598404624 a multiple of 24?
True
Is 71 a factor of 100258207?
False
Is 39460988 a multiple of 2209?
False
Does 1042 divide 249660074?
True
Is 286464678 a multiple of 6?
True
Is 14 a factor of 307468486?
False
Is 2290729330 a multiple of 11591?
True
Does 808 divide 365240093?
False
Does 2064 divide 47548368?
True
Is 952841570 a multiple of 68?
False
Does 658 divide 8780155?
False
Is 145 a factor of 86871770?
False
Is 378070665 a multiple of 105?
True
Does 2878 divide 2275723818?
True
Does 9 divide 5057334?
True
Does 5566 divide 1815607038?
False
Is 149 a factor of 45685337?
True
Does 103 divide 99463701?
True
Is 33469396 a multiple of 34?
True
Does 125 divide 8917875?
True
Is 28564287 a multiple of 102?
False
Does 103 divide 1121876?
True
Does 326 divide 2143049020?
True
Is 33463188 a multiple of 2?
True
Does 2 divide 504821?
False
Is 24715778 a multiple of 37?
True
Does 526 divide 895139254?
False
Is 696166045 a multiple of 294?
False
Does 138 divide 250938924?
True
Does 482 divide 16797396?
False
Is 31999058 a multiple of 7?
True
Is 1815 a factor of 372478848?
False
Does 1615 divide 1156233050?
False
Is 2009 a factor of 13164086?
False
Is 200 a factor of 6595283000?
True
Is 174319758 a multiple of 18?
True
Is 1077 a factor of 84545577?
True
Is 3 a factor of 52924343?
False
Is 1755 a factor of 49737415?
False
Does 10 divide 3377780?
True
Is 17514063 a multiple of 1863?
True
Does 514 divide 291013208?
False
Is 1791 a factor of 1947207438?
True
Is 38401599 a multiple of 23?
False
Is 12503792 a multiple of 217?
False
Is 2082 a factor of 44117580?
True
Does 2 divide 8467101?
False
Does 48 divide 6051483931?
False
Is 271794 a multiple of 6?
True
Is 92694125 a multiple of 127?
True
Is 3732 a factor of 2910941340?
True
Is 358317072 a multiple of 72?
True
Is 55332928 a multiple of 1752?
False
Is 7 a factor of 55876528?
False
Does 15 divide 663938370?
True
Is 343110534 a multiple of 898?
True
Is 19 a factor of 149701936?
False
Is 28 a factor of 8995252?
True
Does 28 divide 27384275?
False
Is 292 a factor of 20242608?
True
Is 7876 a factor of 1765452656?
True
Does 738 divide 94761414?
True
Is 10418016 a multiple of 56?
True
Is 4901 a factor of 283812009?
True
Is 12852011 a multiple of 12?
False
Is 868 a factor of 11541780?
False
Does 44 divide 313648?
False
Is 2171 a factor of 3358743033?
False
Is 5082